1417471.
11, 128861
List the prime factors of 803067.
3, 41, 6529
List the prime factors of 2004636.
2, 3, 89, 1877
List the prime factors of 8699351.
8699351
What are the prime factors of 112811?
97, 1163
List the prime factors of 1542152.
2, 43, 4483
List the prime factors of 2910131.
7, 439, 947
What are the prime factors of 778365?
3, 5, 7, 353
List the prime factors of 166884.
2, 3, 13907
List the prime factors of 1279233.
3, 17, 929
What are the prime factors of 278999?
7, 39857
List the prime factors of 11141691.
3, 11, 337627
List the prime factors of 37497237.
3, 12499079
What are the prime factors of 1353?
3, 11, 41
List the prime factors of 44971.
44971
What are the prime factors of 32943359?
19, 31, 55931
List the prime factors of 431918.
2, 215959
What are the prime factors of 3741071?
17, 220063
What are the prime factors of 9486615?
3, 5, 37, 17093
List the prime factors of 147789.
3, 16421
What are the prime factors of 274120?
2, 5, 7, 11, 89
What are the prime factors of 30965918?
2, 61, 253819
What are the prime factors of 3065912?
2, 179, 2141
What are the prime factors of 495212?
2, 123803
What are the prime factors of 296681?
7, 11, 3853
What are the prime factors of 8587000?
2, 5, 31, 277
What are the prime factors of 1290359?
7, 184337
List the prime factors of 1569469.
11, 61, 2339
List the prime factors of 8734916.
2, 29, 257, 293
List the prime factors of 93063.
3, 67, 463
What are the prime factors of 401800?
2, 5, 7, 41
What are the prime factors of 212606?
2, 106303
What are the prime factors of 368511?
3, 11, 13, 859
List the prime factors of 17866749.
3, 5955583
What are the prime factors of 10151204?
2, 7, 181, 2003
What are the prime factors of 398340?
2, 3, 5, 2213
List the prime factors of 257080.
2, 5, 6427
List the prime factors of 2450331.
3, 13, 179
List the prime factors of 3289305.
3, 5, 103, 2129
List the prime factors of 581648.
2, 36353
What are the prime factors of 210454?
2, 105227
List the prime factors of 11375349.
3, 43, 109, 809
What are the prime factors of 2116554?
2, 3, 11, 32069
What are the prime factors of 285548?
2, 71387
What are the prime factors of 1173673?
149, 7877
What are the prime factors of 2403132?
2, 3, 23, 8707
What are the prime factors of 143358?
2, 3, 23893
List the prime factors of 1203482.
2, 7, 31, 47, 59
What are the prime factors of 10026127?
79, 126913
List the prime factors of 1198267.
7, 71, 2411
List the prime factors of 2523535.
5, 7, 72101
List the prime factors of 167273.
47, 3559
List the prime factors of 190034.
2, 13, 7309
What are the prime factors of 27784051?
2963, 9377
What are the prime factors of 857464?
2, 107183
List the prime factors of 321732.
2, 3, 331
What are the prime factors of 547761?
3, 182587
What are the prime factors of 622377?
3, 7, 37, 89
List the prime factors of 1189779.
3, 17, 41, 569
What are the prime factors of 145489?
73, 1993
What are the prime factors of 514050?
2, 3, 5, 23, 149
List the prime factors of 255496.
2, 109, 293
What are the prime factors of 6580984?
2, 109, 7547
List the prime factors of 1644131.
281, 5851
What are the prime factors of 825546?
2, 3, 223, 617
List the prime factors of 12530834.
2, 6265417
What are the prime factors of 182204?
2, 11, 41, 101
What are the prime factors of 5959434?
2, 3, 13, 76403
List the prime factors of 200583.
3, 17, 19, 23
What are the prime factors of 471966?
2, 3, 11, 7151
List the prime factors of 1362880.
2, 5, 4259
List the prime factors of 23237642.
2, 29, 521, 769
What are the prime factors of 2221314?
2, 3, 47, 7877
What are the prime factors of 167347?
71, 2357
What are the prime factors of 247596?
2, 3, 47, 439
What are the prime factors of 133250?
2, 5, 13, 41
List the prime factors of 27816825.
3, 5, 370891
List the prime factors of 127206.
2, 3, 37, 191
What are the prime factors of 514364?
2, 128591
List the prime factors of 6686619.
3, 313, 7121
List the prime factors of 1903541.
17, 111973
List the prime factors of 1071409.
23, 37, 1259
List the prime factors of 232859.
11, 21169
List the prime factors of 290471.
290471
What are the prime factors of 4067430?
2, 3, 5, 135581
List the prime factors of 2980286.
2, 281, 5303
What are the prime factors of 6288?
2, 3, 131
What are the prime factors of 253892?
2, 63473
What are the prime factors of 621837?
3, 853
List the prime factors of 17725482.
2, 3, 984749
List the prime factors of 12078761.
29, 37, 11257
What are the prime factors of 24695269?
19, 29, 44819
What are the prime factors of 3776576?
2, 59009
List the prime factors of 11798553.
3, 13, 283, 1069
List the prime factors of 537246.
2, 3, 9949
List the prime factors of 3094933.
877, 3529
What are the prime factors of 6388995?
3, 5, 137, 3109
List the prime factors of 1703720.
2, 5, 191, 223
What are the prime factors of 1064889?
3, 7, 16903
List the prime factors of 54529.
31, 1759
What are the prime factors of 5830249?
5830249
What are the prime factors of 261197?
149, 1753
What are the prime factors of 195515?
5, 39103
List the prime factors of 188969.
11, 41, 419
What are the prime factors of 4387084?
2, 13, 239, 353
What are the prime factors of 3303202?
2, 7, 17, 13879
List the prime factors of 1964435.
5, 11, 17, 191
List the prime factors of 17971736.
2, 2246467
List the prime factors of 846792.
2, 3, 19, 619
List the prime factors of 369665.
5, 17, 4349
What are the prime factors of 870713?
19, 45827
List the prime factors of 1510204.
2, 29, 47, 277
List the prime factors of 1364684.
2, 341171
What are the prime factors of 2332279?
71, 107, 307
List the prime factors of 519545.
5, 13, 7993
List the prime factors of 1488451.
1488451
List the prime factors of 195969.
3, 65323
List the prime factors of 662780.
2, 5, 31, 1069
What are the prime factors of 1269426?
2, 3, 211571
List the prime factors of 231140.
2, 5, 7, 13, 127
What are the prime factors of 461605?
5, 19, 43, 113
What are the prime factors of 95485?
5, 13, 113
List the prime factors of 4808594.
2, 7, 37, 9283
What are the prime factors of 2006535?
3, 5, 133769
What are the prime factors of 17598680?
2, 5, 11, 23, 37, 47
List the prime factors of 11819686.
2, 5909843
What are the prime factors of 5236096?
2, 19, 2153
What are the prime factors of 275774?
2, 17, 8111
What are the prime factors of 3158935?
5, 13, 23, 2113
What are the prime factors of 67494?
2, 3, 7, 1607
What are the prime factors of 1313645?
5, 23, 11423
What are the prime factors of 836088?
2, 3, 11, 3167
What are the prime factors of 98755?
5, 19751
List the prime factors of 2270059.
11, 206369
List the prime factors of 3200943.
3, 1066981
List the prime factors of 16917441.
3, 53, 103, 1033
What are the prime factors of 561732?
2, 3, 46811
List the prime factors of 2035832.
2, 31, 8209
What are the prime factors of 1126090?
2, 5, 7, 16087
List the prime factors of 510215.
5, 102043
List the prime factors of 17303.
11, 13
What are the prime factors of 1011970?
2, 5, 101197
What are the prime factors of 2463042?
2, 3, 410507
What are the prime factors of 671601?
3, 7, 31981
List the prime factors of 441397.
11, 40127
List the prime factors of 221585.
5, 7, 13, 487
List the prime factors of 21935432.
2, 2741929
List the prime factors of 16345731.
3, 5448577
What are the prime factors of 3187536?
2, 3, 11, 6037
What are the prime factors of 1148566?
2, 574283
What are the prime factors of 853461?
3, 7, 19, 23, 31
What are the prime factors of 6384688?
2, 399043
List the prime factors of 2103776.
2, 29, 2267
What are the prime factors of 128181?
3, 42727
List the prime factors of 10021358.
2, 5010679
What are the prime factors of 32878?
2, 17, 967
What are the prime factors of 3539203?
83, 42641
What are the prime factors of 952230?
2, 3, 5, 31741
List the prime factors of 275350.
2, 5, 5507
List the prime factors of 66711.
3, 37, 601
What are the prime factors of 193844?
2, 7, 23, 43
List the prime factors of 7292402.
2, 13, 101, 2777
List the prime factors of 25756187.
25756187
What are the prime factors of 370474?
2, 13, 14249
What are the prime factors of 5163726?
2, 3, 101, 8521
List the prime factors of 1387483.
857, 1619
List the prime factors of 452808.
2, 3, 19, 331
List the prime factors of 6850054.
2, 3425027
